2. Let j(q) = q + 10. Let w be j(-8). Suppose w*z = -o + 4*o - 225, -155 = -2*o + s*z. Calculate the remainder when o is divided by 19.
16
Let w = 221 + -207. Let o = 201 + -139. Let j = o + -36. Calculate the remainder when j is divided by w.
12
Suppose -34 = -7*d + 92. What is the remainder when 951 is divided by d?
15
Let d = -531 + 637. What is the remainder when 1376 is divided by d?
104
Suppose 3*b - 11*b + 160 = 0. Calculate the remainder when 116 is divided by b.
16
Let g = -34 - -27. Let m be 26/4*(g + 1). Calculate the remainder when 34 is divided by 36/(-48) - m/4.
7
Suppose -4*l - 3221 = -5*o, 4*l + 27 = o - 614. What is the remainder when o is divided by 19?
18
Let u(q) = 11*q + 8. Let j be (-10)/((-3)/((-9)/(-6))). What is the remainder when u(j) is divided by 16?
15
Let p(r) = -r**3 + 10*r**2 - 8*r + 10. Let f(v) = -v - 2. Calculate the remainder when f(-66) is divided by p(9).
7
Let d(z) = -17*z + 27. Let t be d(-12). Suppose -12*b + t = 75. Let x(u) = 9*u**2 - 2*u + 1. Calculate the remainder when b is divided by x(1).
5
Suppose 7*p - 3132 = -47*p. What is the remainder when 106 is divided by p?
48
Suppose -j - 2*i = -4*j + 15, -5*i - 5 = -j. Suppose -4*f + j*y = -9*f + 210, 5*f = 3*y + 186. Calculate the remainder when f is divided by 0 + 25 + (0 - 4/1).
18
Let q(u) = -u**3 - 7*u**2 + 29*u + 7. Let b be (-4)/(-10)*30/2. Let z = -1 + b. What is the remainder when q(-10) is divided by z?
2
Let c(n) = n**3 + 10*n**2 - 3*n - 9. Let h(p) = -p**3 + 6*p**2 - 4*p - 5. What is the remainder when c(-10) is divided by h(4)?
10
Suppose -128*t = -35*t - 8463. Calculate the remainder when 1907 is divided by t.
87
Let x(i) = -i**3 - i**2. Let r be x(0). Suppose 2*d - 198 = 2*w, w = -5*d - r*w + 501. What is the remainder when d is divided by 17?
15
Let p = 19 + -10. Let z(b) = 2*b**3 + 30*b**2 + 26*b - 25. What is the remainder when p is divided by z(-14)?
0
Suppose -29*f + 2655 = -14*f. What is the remainder when f is divided by 30?
27
Let o = -1618 - -1819. Calculate the remainder when o is divided by 89.
23
Let t be 3 + -1 - 6/(-2). Let n = t + 9. Suppose -41 = -3*l + 2*l. Calculate the remainder when l is divided by n.
13
Suppose 3*l + 3360 = 6*l - 3*b, -3364 = -3*l + b. What is the remainder when l is divided by 75?
72
Let p = 0 + 10. Suppose -5*v = -p*v + 45. What is the remainder when 33 is divided by v?
6
Suppose 0 = -q + 5*q. Suppose 2*t + q*t + 72 = 4*v, 8 = -4*t. Let n = -110 - -160. What is the remainder when n is divided by v?
16
Suppose 249 - 129 = 20*j. Calculate the remainder when 267 is divided by j.
3
Suppose 21 + 20 = 3*q - 5*p, -5*p + 1 = 3*q. Suppose 80 = q*x - 3*x. Suppose -2*l + 69 = -49. What is the remainder when l is divided by x?
19
Let r(j) = j**3 - 4*j**2 + j + 4. Suppose 3*v = -y + 5, -4*y + 13 = 3*v - 7. Calculate the remainder when r(y) is divided by (-1)/(-5) - 88/(-10).
7
What is the remainder when -5*12/(-9)*9 is divided by 37?
23
Let f(v) = v**3 + 5*v**2 + 4*v + 3. Suppose 0*c + 2*c + 8 = 0. Let o be f(c). Let w = 7 + o. What is the remainder when w is divided by 7?
3
Let g = -43 - -81. Suppose -c = -4*k + 28, -g = -5*k - 0*k + 2*c. Calculate the remainder when (-10)/7*(-3 + -4) is divided by k.
4
Let o(i) be the first derivative of 7/3*i**3 - 7*i - 1/4*i**4 - 3 - 3*i**2. Calculate the remainder when 23 is divided by o(5).
10
Let x = -65 + 19. Calculate the remainder when 71 is divided by -5 + x/(-9) + 323/9.
35
Let g(v) = v**2 - 19*v + 2. Let q be g(19). Suppose -q*r = -5*r + 90. What is the remainder when 58 is divided by r?
28
Let t(a) = 2*a**3 - 22*a**2 - 5*a + 12. Let k be t(11). Let m = k + 54. What is the remainder when 63 is divided by m?
8
Suppose 24*n = 25*n - 29. Calculate the remainder when 51 is divided by n.
22
Suppose -6*f + 115 = -f. Suppose -12*k + 1 = -131. What is the remainder when f is divided by k?
1
Let t = -154 - -256. Calculate the remainder when t is divided by 28.
18
Let k(h) = -40*h - 13. Calculate the remainder when k(-3) is divided by 37.
33
Suppose 96*a + 2343 = 99*a - y, 5*y = -a + 765. Calculate the remainder when a is divided by 46.
44
Let g(h) = 4*h**3 + h**2 + 2*h + 71. Calculate the remainder when g(0) is divided by 33.
5
Let c(n) = n**2 - 5*n + 15. Calculate the remainder when c(10) is divided by 6.
5
Let j = 1571 + -1496. What is the remainder when j is divided by 16?
11
What is the remainder when 102 is divided by ((-165)/(-9) - 0)/((-2)/(-6))?
47
Suppose 0 = -4*q - 2*i + 5*i + 19, 0 = 4*q - 5*i - 21. Let g = 24 - q. Let j = 32 - g. Calculate the remainder when 35 is divided by j.
11
Let p = -203 - -266. What is the remainder when p is divided by 23?
17
Let r = 758 - 369. What is the remainder when r is divided by 14?
11
Let i be 2/((-2)/(-2) + -3). What is the remainder when -2 + 285 - (i - 3) is divided by 48?
47
Let f(g) = 2*g**3 - 3*g**2 + 2*g + 2. Let v be f(3). Calculate the remainder when 45 is divided by 7/(v/110) - -1.
22
Let u(k) = -k**3 - 8*k**2 - 9*k + 4. What is the remainder when 50 is divided by u(-7)?
14
Let z = 3827 - 3327. What is the remainder when z is divided by 162?
14
Let y = 26 - -34. Let x(w) = w**2 + 5*w + 7. Let p be x(-5). Suppose p*d - y = d. Calculate the remainder when 37 is divided by d.
7
Let n = 762 - -338. Calculate the remainder when 232 is divided by n/28 + (-2)/7 + 0.
37
Suppose 4*j + 4 = 0, -12 = -c + 2*j + 25. Calculate the remainder when c is divided by 34.
1
Let i(p) = 3*p + 11. Suppose 931 = 3*l - x, -x = -5*l + 2494 - 939. Calculate the remainder when l is divided by i(8).
32
Suppose 0 = 5*s - 4*s + s. What is the remainder when ((-3)/(3 - s))/(7/(-833)) is divided by 32?
23
Calculate the remainder when 239 is divided by 784/(-42)*18/(-4).
71
Let w = 705 + -692. What is the remainder when 76 is divided by w?
11
Suppose -10*k - 12 = -7*k. Let r be (0 - -2)*(-1 - k). Suppose 51 + 81 = r*q. What is the remainder when q is divided by 12?
10
Suppose 6*q = -18*q + 4944. Calculate the remainder when q is divided by 69.
68
Suppose 0 = -4*r - r + 145. Suppose -2*n = -w + 2 + 2, 5*n = 0. Suppose 3*h + 4 = 10, m - 2*h - w = 0. Calculate the remainder when r is divided by m.
5
Calculate the remainder when 8/48 + ((-28515)/18)/(-5) is divided by 16.
13
Suppose -4*d + 20 = d. Suppose y - 27 = -d. Let l = -3778 - -3821. Calculate the remainder when l is divided by y.
20
Let z = -43 + 112. Calculate the remainder when z is divided by ((-245)/(-98))/((-10)/(-108)) - 9.
15
Let g(s) = s + 8. Let k(b) = -3*b**2 - 3*b. Let w be k(-2). Let l be g(w). Suppose -l*c - 7 = -21. Calculate the remainder when 10 is divided by c.
3
Suppose -248 + 98 = -6*q. What is the remainder when 61 is divided by q?
11
Suppose -1227 - 2673 = -25*d. What is the remainder when d is divided by 46?
18
Let o = 678 + -596. What is the remainder when o is divided by 28?
26
Suppose 3*j + 10 = -3*r + 2*r, -3*r - 14 = 5*j. Suppose r*u + 0*v - 20 = -v, -5*v - 20 = -5*u. Calculate the remainder when 12 is divided by u.
4
Suppose -47*k + 7*k + 160 = 0. Let b = 3 - 1. What is the remainder when k is divided by b?
0
Let r = 1796 + -1784. Let k(j) = j**3 + 8*j**2 + 4*j - 2. What is the remainder when k(-6) is divided by r?
10
Let t be (-3 - -1) + 4 - -2. Suppose g - 3*z = 13, -3*g = -6*g + t*z + 19. What is the remainder when 27 is divided by (2 - -7) + (g - 0)?
7
Suppose -g - 110 = 4*g. Let m = -6 - g. Calculate the remainder when 29 is divided by m.
13
Let c(u) = -u**3 + 10*u**2 - 2*u + 22. Let v be c(10). Suppose -2*i = -i - 17. Calculate the remainder when -31*-3*v/(-6)*-1 is divided by i.
14
Let n be ((-15)/(-2))/(27/36). Suppose -7*g + n*g = 225. Calculate the remainder when g is divided by 13.
10
Let j = -9 + 9. Suppose j*r = -2*r + 14. Suppose -8*c + r*c = -38. Calculate the remainder when c is divided by 10.
8
Let a(h) = -h**3 - 7*h**2 - h + 10. Let z(u) = 2*u + 21. Calculate the remainder when a(-7) is divided by z(-5).
6
Let r(v) = -8*v + 251. What is the remainder when 284 is divided by r(29)?
18
Suppose 0 = x - 4*z - 211, -3*x - 818 = -7*x + 3*z. Calculate the remainder when x is divided by 107.
96
Suppose -r - 18 + 43 = 0. Suppose -196 = -4*m + 2*m - 2*c, 5*m - c - 484 = 0. Calculate the remainder when m is divided by r.
22
Let z = 23 + -20. Suppose -z - 3 = -3*